 when s is divided by 29?
25
Let u = 7 - 12. Let a = -2 - u. Calculate the remainder when 56/a - (-6)/18 is divided by 5.
4
Suppose 46*o + 14 = 47*o. Let l be (-30 - 3)/(3/(-15)). Suppose t - 273 = -5*a + 2*t, -l = -3*a + t. What is the remainder when a is divided by o?
12
Suppose -3*c + i + 23 = 0, 0 = 2*c + 2*c + 5*i - 37. Suppose -h = 4*p - 35 - 21, -5*h = 0. Calculate the remainder when p is divided by c.
6
Suppose 2*h - 3*h - 711 = -3*y, 2*h + 232 = y. What is the remainder when y is divided by 10?
8
Suppose 2*y - 193 = -5*q + 5*y, 0 = -5*q + y + 191. Suppose -4*k + 10 = -q. Calculate the remainder when 34 is divided by k.
10
Let l(a) = a - 1. Let j be l(-2). Calculate the remainder when j - (-2*32)/2 - 2 is divided by 8.
3
Suppose 5*s - 3*s = 22. Let q = 3 - -1. Suppose q*v = 59 - s. What is the remainder when 22 is divided by v?
10
Let a(t) = 9*t**3 - t**2 + 2*t - 1. Let j be a(1). What is the remainder when 166 is divided by (j/(-18))/(0 + 1)*-48?
22
Suppose 2*x - 5*g - 174 + 79 = 0, -4*x - 3*g + 203 = 0. What is the remainder when 134 is divided by x?
34
Suppose 3*l + 8 = 23. Suppose 20 = 2*i + 5*z, -2*i + l*z - z = 16. Suppose i = 6*x - 3*x - 81. Calculate the remainder when x is divided by 14.
13
Let v(y) = 66*y - 553. What is the remainder when 817 is divided by v(9)?
38
Let c = 276 + -154. Suppose 2*j - 2*d - 116 = 0, 4*d + c = 2*j + 5*d. What is the remainder when j is divided by 32?
28
Suppose -5 - 20 = -5*b. Suppose 5*g + q = 0, -1 = -b*q - 26. Calculate the remainder when 2 is divided by g.
0
Let w = 1 - -2. Suppose f + w*j + 17 = 3*f, 11 = f + j. Let m(a) = 2*a + 2. Calculate the remainder when m(23) is divided by f.
8
Let q = -1376 - -1517. Calculate the remainder when q is divided by 9.
6
Let a(h) = h**3 + 9*h**2 - 11*h. Suppose 0 = 13*p - 10*p + 30. Calculate the remainder when 28 is divided by a(p).
8
Let d = -46 - -49. Suppose -5 - 19 = -d*p. Calculate the remainder when 23 is divided by p.
7
Suppose -6*z + 2*z + 16 = 5*x, x = -4*z. Suppose -x*w + 415 = w. Calculate the remainder when w is divided by 14.
13
Let y be ((-4)/(-2) - 3)*-228. Suppose 92*x = 95*x - y. What is the remainder when x is divided by 39?
37
Suppose -3*r + 2*z = -0*z - 39, 5*z - 15 = 0. Calculate the remainder when 104 is divided by r.
14
Suppose -298*r = -287*r - 66. Calculate the remainder when 31 is divided by r.
1
Let j = -15 + 3. Let o = 17 + j. What is the remainder when 7 is divided by o?
2
Let n = -137 - -173. Calculate the remainder when 135 is divided by n.
27
Suppose -20*u + 1888 = -16*u - 2*c, 477 = u + 2*c. Calculate the remainder when u is divided by 28.
25
Suppose -f + 2*b + 55 = 13, -5*b = 2*f - 66. Let n = -21 + f. Calculate the remainder when 28 is divided by n.
11
Let m = 26 - 19. Let y be -4 - (-2 + -52) - 4. Let l = y - 14. What is the remainder when l is divided by m?
4
Let h be ((-14)/(-4))/((13/(-34))/13). Let u = -63 - h. Calculate the remainder when u is divided by 29.
27
Let k = 31 - 15. Calculate the remainder when (-4329)/(-185)*((-10)/(-3) + 0) is divided by k.
14
Let t = -190 + -13. Let i = 320 + t. What is the remainder when i is divided by 24?
21
Suppose k - 3*v - 124 = -105, 5*k + 3*v - 41 = 0. Calculate the remainder when 73 is divided by k.
3
Calculate the remainder when 263*3/15 + (-30)/(-75) is divided by ((-81)/(-5 - -2))/1.
26
Suppose w + 3 = y - 0, 3*y - 17 = -5*w. Calculate the remainder when 329 is divided by y.
1
Let b be (2/5)/((-3)/(-15)). Let j = b - 0. Suppose 0*i - 2*i = -j*w + 66, -3*i - 157 = -5*w. What is the remainder when w is divided by 10?
9
Suppose 5*r + 141 + 189 = 0. Suppose -122 = -3*p + 4*b + 3, -3*b - 212 = -5*p. Calculate the remainder when p is divided by (27/18)/((-9)/r).
10
Suppose 25*b = -4*b + 464. What is the remainder when 93 is divided by b?
13
Let i(j) = j + 4*j**2 - 3*j**2 - 1 + 2 + 2*j**2. Let v be i(2). Suppose 0 = -r + 56 + v. What is the remainder when r is divided by 18?
17
What is the remainder when (0 + -1)/(7/(-2807)) is divided by 102?
95
Let d(l) = l**2 - 10*l - 23. Let g(c) = 6*c - 5. Let w(n) = 7*n - 5. Let q(k) = -5*g(k) + 4*w(k). What is the remainder when d(16) is divided by q(-7)?
16
Let d = 30 - 28. Let q(k) = 9*k**2 + 3*k - 2. Calculate the remainder when q(2) is divided by 18 + d - (-2 + 1).
19
Let l be (2/(-2))/(0 + (-1)/(-5)). Calculate the remainder when (10/l)/((-474)/(-159) - 3) is divided by 22.
18
Let f(i) = -i**3 + 12*i**2 - 22*i - 26. What is the remainder when 103 is divided by f(9)?
8
Calculate the remainder when -1 - -35 - (21 + -29) is divided by 10.
2
Suppose 4*v = 11*n - 7*n + 260, 65 = v - 2*n. Calculate the remainder when v is divided by 38.
27
Suppose -12*i + 205 = -7*i. Let h = -38 + i. Calculate the remainder when 8 is divided by h.
2
Let y(t) = t**3 - 5*t**2 - t + 6. Let h be (-2)/6*150/(-10). Let q be y(h). Let j = q + 7. What is the remainder when 21 is divided by j?
5
Let i = 2 - -4. Let w(g) = i*g + 1 + g + 0. What is the remainder when 30 is divided by w(1)?
6
Suppose 3*c - 2*z = 28, -3*c + 45 = -5*z + 11. Suppose -707 = -12*a + 205. Calculate the remainder when a is divided by c.
4
Let o be 5/(-2)*(-16)/20. Suppose 0 = o*v - v + 3*q - 102, 0 = -3*q. What is the remainder when v is divided by 21?
18
Suppose -q + 3*q - 126 = 0. Suppose y - 1 = -3, 76 = 4*t + 4*y. Let x = -5 + t. What is the remainder when q is divided by x?
15
Let i = -33 - -50. Let f(g) = -g + 62. What is the remainder when f(14) is divided by i?
14
Suppose -27*x = -29*x + 8. What is the remainder when 34 is divided by -1 + 2 + -6*x/(-6)?
4
Let r(p) be the third derivative of p**6/120 + 7*p**5/60 + p**4/4 - p**3/2 + 30*p**2. Calculate the remainder when 116 is divided by r(-5).
14
Suppose -r - 4*g + 7 = -9, 0 = -3*r + g + 22. Calculate the remainder when 39 is divided by r.
7
Let t = 909 + -906. Let w be 0 + 1 - (-2)/2. Let m = w - -1. Calculate the remainder when t is divided by m.
0
Let v(s) = 59*s - 4. Let x be v(3). Suppose t = 2*t + 3*a - 45, 5*a - x = -4*t. Let w = 78 - 56. Calculate the remainder when t is divided by w.
20
Let w = 2824 + -2607. Calculate the remainder when w is divided by 40.
17
Let l(t) = 2 - t**3 + 3*t - 17 - 19*t**2 + 8*t**2 + 19*t**2. Let s(k) = -k + 4. What is the remainder when l(8) is divided by s(0)?
1
Let q = -14 - -47. Suppose 4*d - q = 3. Suppose 12*n - 3*h = 8*n + 33, 0 = 3*n - 5*h - 33. Calculate the remainder when d is divided by n.
3
Suppose 5*f = -4*j + 53, 3*j - 2*f = -0*f + 11. What is the remainder when 109 is divided by j?
4
Let g(k) = 2*k**3 - 7*k**2 - 8*k + 8. What is the remainder when g(5) is divided by ((-2)/(-5))/((-1)/(-55))?
21
Let k(z) be the third derivative of -z**4/3 - 5*z**3 + 29*z**2. What is the remainder when k(-9) is divided by 9?
6
What is the remainder when 238 is divided by (-8 - 10/(-2)) + 43?
38
Suppose 4*b - 4*j - 18 = 10, 2*j = 5*b - 29. What is the remainder when b/120*-4 - 685/(-6) is divided by 39?
36
Let x(l) = 1058*l - 40. Let u be x(4). Calculate the remainder when ((-1)/(-4))/(8/u) is divided by 7.
5
Let m = -205 + 216. What is the remainder when m is divided by 8?
3
Calculate the remainder when 62 is divided by (-36 - 0)*(-20)/30*2.
14
Let h = -67 + 103. Let v = 15853 - 15710. Calculate the remainder when v is divided by h.
35
Let l be (-16)/(-6)*(-12)/(-8). Let j be 3/(-1) - (-1 + l). Let o = j + 29. What is the remainder when 45 is divided by o?
22
Let l = -7 - -9. Suppose -4*q + 30 = -54. Calculate the remainder when q is divided by (l - 0)/(8/44).
10
Let c(x) = 2*x + 33. Calculate the remainder when 12 is divided by c(-16).
0
Suppose -3*v + 5 + 67 = 0. Let m = v - 4. Let x = 80 + -72. What is the remainder when m is divided by x?
4
Let l(j) = 9*j**2 + 7*j - 9. Suppose 2*d + 5 = 11. Calculate the remainder when l(d) is divided by 16.
13
Suppose 16 = i + i - 2*t, 5 = 5*i + 2*t. Suppose -u + 96 = i*u. Calculate the remainder when u is divided by 13.
11
Let k = 197 - 176. What is the remainder when 119 is divided by k?
14
Let m = 50 + -38. Let o(p) = -p**2 - 2*p + 3. Let q be o(-3). Suppose 4*s - m = -q*s, 0 = -2*r - 3*s + 35. What is the remainder when 48 is divided by r?
9
Suppose 67 = q + 3*p, -q - 4*p + 63 = -0*q. What is the remainder when 394 is divided by q?
78
Let k(n) = -n**3 - 6*